{"id":627,"date":"2024-07-09T16:57:37","date_gmt":"2024-07-09T16:57:37","guid":{"rendered":"https:\/\/onaybilgisayar.com\/index.php\/home\/"},"modified":"2024-07-09T17:17:14","modified_gmt":"2024-07-09T17:17:14","slug":"onay-bilgisayar-2","status":"publish","type":"page","link":"https:\/\/onaybilgisayar.com\/","title":{"rendered":"Ana Sayfa"},"content":{"rendered":"\n<div class=\"wp-block-cover alignfull is-light\" style=\"min-height:700px\"><span aria-hidden=\"true\" class=\"wp-block-cover__background has-background-dim-0 has-background-dim\"><\/span><img loading=\"lazy\" decoding=\"async\" width=\"2000\" height=\"1333\" class=\"wp-block-cover__image-background wp-image-494\" alt=\"\" src=\"https:\/\/onaybilgisayar.com\/wp-content\/uploads\/2024\/06\/61.jpg\" data-object-fit=\"cover\" srcset=\"https:\/\/onaybilgisayar.com\/wp-content\/uploads\/2024\/06\/61.jpg 2000w, https:\/\/onaybilgisayar.com\/wp-content\/uploads\/2024\/06\/61-300x200.jpg 300w, https:\/\/onaybilgisayar.com\/wp-content\/uploads\/2024\/06\/61-1024x682.jpg 1024w, https:\/\/onaybilgisayar.com\/wp-content\/uploads\/2024\/06\/61-768x512.jpg 768w, https:\/\/onaybilgisayar.com\/wp-content\/uploads\/2024\/06\/61-1536x1024.jpg 1536w, https:\/\/onaybilgisayar.com\/wp-content\/uploads\/2024\/06\/61-930x620.jpg 930w\" sizes=\"(max-width: 2000px) 100vw, 2000px\" \/><div class=\"wp-block-cover__inner-container is-layout-flow wp-block-cover-is-layout-flow\">\n<div style=\"height:80px\" aria-hidden=\"true\" class=\"wp-block-spacer\"><\/div>\n\n\n\n<h1 class=\"wp-block-heading has-text-align-center has-text-color\" style=\"color:#121212\">Teknolojiyi Ke\u015ffedin, G\u00fcvenle Ba\u011flan\u0131n<\/h1>\n\n\n\n<div class=\"wp-block-buttons is-horizontal is-content-justification-center is-layout-flex wp-container-core-buttons-layout-1 wp-block-buttons-is-layout-flex\">\n<div class=\"wp-block-button is-style-primary\"><a class=\"wp-block-button__link wp-element-button\" href=\"https:\/\/onaybilgisayar.com\/index.php\/services\/\">Ke\u015ffetmeye Ba\u015flay\u0131n<\/a><\/div>\n<\/div>\n\n\n\n<div style=\"height:80px\" aria-hidden=\"true\" class=\"wp-block-spacer\"><\/div>\n\n\n\n<div style=\"height:80px\" aria-hidden=\"true\" class=\"wp-block-spacer\"><\/div>\n<\/div><\/div>\n\n\n\n<div style=\"height:80px\" aria-hidden=\"true\" class=\"wp-block-spacer\"><\/div>\n\n\n\n<div class=\"nv-cv-m wp-block-columns is-layout-flex wp-container-core-columns-layout-1 wp-block-columns-is-layout-flex\">\n<div class=\"wp-block-column is-layout-flow wp-block-column-is-layout-flow\"><div class=\"wp-block-image icon-style is-style-rounded\">\n<figure class=\"aligncenter size-large\"><img loading=\"lazy\" decoding=\"async\" width=\"72\" height=\"72\" src=\"https:\/\/api.themeisle.com\/templates-data\/2023\/01\/ebf0233ced7259cf0838b7ba6d3aee075udqur826ojgsxrmsxsc\/images\/neve-webdesign-GB-03.png\" alt=\"\" class=\"wp-image-20\" title=\"\"\/><\/figure><\/div>\n\n\n<div style=\"height:20px\" aria-hidden=\"true\" class=\"wp-block-spacer\"><\/div>\n\n\n\n<h3 class=\"wp-block-heading has-text-align-center has-neve-text-color-color has-text-color\">Teknoloji Dan\u0131\u015fmanl\u0131\u011f\u0131<\/h3>\n\n\n\n<p class=\"has-text-align-center\">\u0130\u015fletmenizin teknoloji ihtiya\u00e7lar\u0131na y\u00f6nelik profesyonel \u00e7\u00f6z\u00fcm ve \u00f6neriler.<\/p>\n\n\n\n<div style=\"height:20px\" aria-hidden=\"true\" class=\"wp-block-spacer\"><\/div>\n<\/div>\n\n\n\n<div class=\"wp-block-column is-layout-flow wp-block-column-is-layout-flow\"><div class=\"wp-block-image icon-style is-style-rounded\">\n<figure class=\"aligncenter size-large\"><img loading=\"lazy\" decoding=\"async\" width=\"72\" height=\"72\" src=\"https:\/\/api.themeisle.com\/templates-data\/2023\/01\/ebf0233ced7259cf0838b7ba6d3aee075udqur826ojgsxrmsxsc\/images\/neve-webdesign-GB-04.png\" alt=\"\" class=\"wp-image-21\"\/><\/figure><\/div>\n\n\n<div style=\"height:20px\" aria-hidden=\"true\" class=\"wp-block-spacer\"><\/div>\n\n\n\n<h3 class=\"wp-block-heading has-text-align-center has-neve-text-color-color has-text-color\">\u00c7\u00f6z\u00fcmlerimizle Fark Yarat\u0131n<\/h3>\n\n\n\n<p>\u0130htiya\u00e7lar\u0131n\u0131za \u00f6zel tasarlanm\u0131\u015f teknoloji \u00e7\u00f6z\u00fcmleriyle i\u015fletmenizi bir ad\u0131m \u00f6ne ta\u015f\u0131y\u0131n.<\/p>\n\n\n\n<div style=\"height:20px\" aria-hidden=\"true\" class=\"wp-block-spacer\"><\/div>\n<\/div>\n\n\n\n<div class=\"wp-block-column is-layout-flow wp-block-column-is-layout-flow\"><div class=\"wp-block-image icon-style is-style-rounded\">\n<figure class=\"aligncenter size-large\"><img loading=\"lazy\" decoding=\"async\" width=\"72\" height=\"72\" src=\"https:\/\/api.themeisle.com\/templates-data\/2023\/01\/ebf0233ced7259cf0838b7ba6d3aee075udqur826ojgsxrmsxsc\/images\/neve-webdesign-GB-01.png\" alt=\"\" class=\"wp-image-18\"\/><\/figure><\/div>\n\n\n<div style=\"height:20px\" aria-hidden=\"true\" class=\"wp-block-spacer\"><\/div>\n\n\n\n<h3 class=\"wp-block-heading has-text-align-center has-neve-text-color-color has-text-color\">Sorular\u0131n\u0131z i\u00e7in Buraday\u0131z!<\/h3>\n\n\n\n<p>Her t\u00fcrl\u00fc soru, g\u00f6r\u00fc\u015f ve \u00f6nerileriniz i\u00e7in bizimle ileti\u015fime ge\u00e7in, uzman ekibimiz size en k\u0131sa s\u00fcrede d\u00f6n\u00fc\u015f yapacakt\u0131r.<\/p>\n\n\n\n<div style=\"height:20px\" aria-hidden=\"true\" class=\"wp-block-spacer\"><\/div>\n<\/div>\n<\/div>\n\n\n\n<div style=\"height:33px\" aria-hidden=\"true\" class=\"wp-block-spacer\"><\/div>\n\n\n\n<div class=\"nv-cv-d nv-cv-m wp-block-cover alignfull\" style=\"min-height:600px\"><span aria-hidden=\"true\" class=\"wp-block-cover__background has-nv-light-bg-background-color has-background-dim-100 has-background-dim\"><\/span><div class=\"wp-block-cover__inner-container is-layout-flow wp-block-cover-is-layout-flow\">\n<div class=\"wp-block-group is-layout-flow wp-block-group-is-layout-flow\"><div class=\"wp-block-group__inner-container\">\n<div style=\"height:61px\" aria-hidden=\"true\" class=\"wp-block-spacer\"><\/div>\n\n\n\n<div class=\"wp-block-columns are-vertically-aligned-center is-layout-flex wp-container-core-columns-layout-2 wp-block-columns-is-layout-flex\">\n<div class=\"wp-block-column is-vertically-aligned-center is-layout-flow wp-block-column-is-layout-flow\" style=\"flex-basis:50%\">\n<figure class=\"wp-block-image size-full\"><img loading=\"lazy\" decoding=\"async\" width=\"547\" height=\"547\" src=\"https:\/\/onaybilgisayar.com\/wp-content\/uploads\/2024\/07\/freepik-export-20240627185143LQqt-edited-1.jpeg\" alt=\"\" class=\"wp-image-608\" srcset=\"https:\/\/onaybilgisayar.com\/wp-content\/uploads\/2024\/07\/freepik-export-20240627185143LQqt-edited-1.jpeg 547w, https:\/\/onaybilgisayar.com\/wp-content\/uploads\/2024\/07\/freepik-export-20240627185143LQqt-edited-1-300x300.jpeg 300w, https:\/\/onaybilgisayar.com\/wp-content\/uploads\/2024\/07\/freepik-export-20240627185143LQqt-edited-1-150x150.jpeg 150w\" sizes=\"(max-width: 547px) 100vw, 547px\" \/><\/figure>\n<\/div>\n\n\n\n<div class=\"wp-block-column is-vertically-aligned-center is-layout-flow wp-block-column-is-layout-flow\" style=\"flex-basis:50%\">\n<div style=\"height:20px\" aria-hidden=\"true\" class=\"wp-block-spacer\"><\/div>\n\n\n\n<h2 class=\"wp-block-heading has-text-align-left has-neve-text-color-color has-text-color\">Tam Koruma, S\u0131f\u0131r Endi\u015fe<\/h2>\n\n\n\n<p>\u201cOnay Bilgisayar\u201d olarak, size ve i\u015fletmenize en \u00fcst d\u00fczeyde g\u00fcvenlik sa\u011flamak i\u00e7in en modern teknolojileri sunuyoruz.<\/p>\n\n\n\n<div class=\"wp-block-buttons is-horizontal is-content-justification-left is-layout-flex wp-container-core-buttons-layout-2 wp-block-buttons-is-layout-flex\">\n<div class=\"wp-block-button is-style-primary\"><a class=\"wp-block-button__link wp-element-button\" href=\"https:\/\/onaybilgisayar.com\/index.php\/services\/security-systems\/\">G\u00fcvenlik \u00c7\u00f6z\u00fcmlerimiz<\/a><\/div>\n<\/div>\n<\/div>\n<\/div>\n\n\n\n<div style=\"height:40px\" aria-hidden=\"true\" class=\"wp-block-spacer\"><\/div>\n<\/div><\/div>\n<\/div><\/div>\n\n\n\n<div class=\"nv-cv-d nv-cv-m wp-block-cover alignfull\" style=\"min-height:600px\"><span aria-hidden=\"true\" class=\"wp-block-cover__background has-nv-site-bg-background-color has-background-dim-100 has-background-dim\"><\/span><div class=\"wp-block-cover__inner-container is-layout-flow wp-block-cover-is-layout-flow\">\n<div class=\"wp-block-group is-layout-flow wp-block-group-is-layout-flow\"><div class=\"wp-block-group__inner-container\">\n<div style=\"height:80px\" aria-hidden=\"true\" class=\"wp-block-spacer\"><\/div>\n\n\n\n<div class=\"wp-block-columns are-vertically-aligned-center is-layout-flex wp-container-core-columns-layout-3 wp-block-columns-is-layout-flex\">\n<div class=\"wp-block-column is-vertically-aligned-center is-layout-flow wp-block-column-is-layout-flow\" style=\"flex-basis:50%\">\n<h2 class=\"wp-block-heading has-text-align-left has-neve-text-color-color has-text-color\">Kristal Netlikte Ses ve G\u00f6r\u00fcnt\u00fc Deneyimleri<\/h2>\n\n\n\n<p>Konser salonlar\u0131 ve geni\u015f mekanlar i\u00e7in en iyi ses ve g\u00f6r\u00fcnt\u00fc sistemleriyle unutulmaz deneyimler yarat\u0131n.<\/p>\n\n\n\n<p>Etkinliklerinizi unutulmaz k\u0131lmak i\u00e7in y\u00fcksek kalitede ses ve g\u00f6r\u00fcnt\u00fc sistemleri sunuyoruz.<\/p>\n\n\n\n<div class=\"wp-block-buttons is-horizontal is-content-justification-left is-layout-flex wp-container-core-buttons-layout-3 wp-block-buttons-is-layout-flex\">\n<div class=\"wp-block-button is-style-primary\"><a class=\"wp-block-button__link wp-element-button\" href=\"https:\/\/onaybilgisayar.com\/index.php\/services\/sound-and-visual-systems\/\">Profesyonel Sistemlerimizi Ke\u015ffedin<\/a><\/div>\n<\/div>\n\n\n\n<div style=\"height:40px\" aria-hidden=\"true\" class=\"wp-block-spacer\"><\/div>\n<\/div>\n\n\n\n<div class=\"wp-block-column is-vertically-aligned-center is-layout-flow wp-block-column-is-layout-flow\" style=\"flex-basis:50%\">\n<figure class=\"wp-block-image size-full\"><img loading=\"lazy\" decoding=\"async\" width=\"1000\" height=\"563\" src=\"https:\/\/onaybilgisayar.com\/wp-content\/uploads\/2024\/07\/37987-edited-1.jpg\" alt=\"\" class=\"wp-image-630\" srcset=\"https:\/\/onaybilgisayar.com\/wp-content\/uploads\/2024\/07\/37987-edited-1.jpg 1000w, https:\/\/onaybilgisayar.com\/wp-content\/uploads\/2024\/07\/37987-edited-1-300x169.jpg 300w, https:\/\/onaybilgisayar.com\/wp-content\/uploads\/2024\/07\/37987-edited-1-768x432.jpg 768w\" sizes=\"(max-width: 1000px) 100vw, 1000px\" \/><\/figure>\n<\/div>\n<\/div>\n\n\n\n<div style=\"height:40px\" aria-hidden=\"true\" class=\"wp-block-spacer\"><\/div>\n<\/div><\/div>\n<\/div><\/div>\n\n\n\n<div class=\"nv-cv-d nv-cv-m wp-block-cover alignfull\" style=\"min-height:600px\"><span aria-hidden=\"true\" class=\"wp-block-cover__background has-nv-light-bg-background-color has-background-dim-100 has-background-dim\"><\/span><div class=\"wp-block-cover__inner-container is-layout-flow wp-block-cover-is-layout-flow\">\n<div class=\"wp-block-group is-layout-flow wp-block-group-is-layout-flow\"><div class=\"wp-block-group__inner-container\">\n<div style=\"height:80px\" aria-hidden=\"true\" class=\"wp-block-spacer\"><\/div>\n\n\n\n<div class=\"wp-block-columns are-vertically-aligned-center is-layout-flex wp-container-core-columns-layout-4 wp-block-columns-is-layout-flex\">\n<div class=\"wp-block-column is-vertically-aligned-center is-layout-flow wp-block-column-is-layout-flow\" style=\"flex-basis:50%\">\n<figure class=\"wp-block-image size-full\"><img loading=\"lazy\" decoding=\"async\" width=\"1000\" height=\"563\" src=\"https:\/\/onaybilgisayar.com\/wp-content\/uploads\/2024\/07\/2150062006-edited.jpg\" alt=\"\" class=\"wp-image-595\" srcset=\"https:\/\/onaybilgisayar.com\/wp-content\/uploads\/2024\/07\/2150062006-edited.jpg 1000w, https:\/\/onaybilgisayar.com\/wp-content\/uploads\/2024\/07\/2150062006-edited-300x169.jpg 300w, https:\/\/onaybilgisayar.com\/wp-content\/uploads\/2024\/07\/2150062006-edited-768x432.jpg 768w\" sizes=\"(max-width: 1000px) 100vw, 1000px\" \/><\/figure>\n<\/div>\n\n\n\n<div class=\"wp-block-column is-vertically-aligned-center is-layout-flow wp-block-column-is-layout-flow\" style=\"flex-basis:50%\">\n<div style=\"height:40px\" aria-hidden=\"true\" class=\"wp-block-spacer\"><\/div>\n\n\n\n<h2 class=\"wp-block-heading has-text-align-left has-nv-text-dark-bg-color has-text-color\">G\u00fc\u00e7l\u00fc Entegre Teknoloji Hizmetleri<\/h2>\n\n\n\n<p>Sunucu, network ve bilgisayar sistemlerinizin entegre edilmesi, bak\u0131m\u0131 ve g\u00fcncellenmesi konusunda tam hizmet sunuyoruz. Tek bir noktadan t\u00fcm teknoloji altyap\u0131n\u0131z\u0131 y\u00f6netin.<\/p>\n\n\n\n<div class=\"wp-block-buttons is-horizontal is-content-justification-left is-layout-flex wp-container-core-buttons-layout-4 wp-block-buttons-is-layout-flex\">\n<div class=\"wp-block-button is-style-primary\"><a class=\"wp-block-button__link wp-element-button\" href=\"https:\/\/onaybilgisayar.com\/index.php\/services\/computer-services\/\">Verimlili\u011finizi Art\u0131r\u0131n<\/a><\/div>\n<\/div>\n<\/div>\n<\/div>\n\n\n\n<div style=\"height:50px\" aria-hidden=\"true\" class=\"wp-block-spacer\"><\/div>\n<\/div><\/div>\n<\/div><\/div>\n\n\n\n<div class=\"nv-cv-d nv-cv-m wp-block-cover alignfull\" style=\"min-height:300px\"><span aria-hidden=\"true\" class=\"wp-block-cover__background has-nv-site-bg-background-color has-background-dim-100 has-background-dim\"><\/span><div class=\"wp-block-cover__inner-container is-layout-flow wp-block-cover-is-layout-flow\">\n<div style=\"height:60px\" aria-hidden=\"true\" class=\"wp-block-spacer\"><\/div>\n\n\n\n<h2 class=\"wp-block-heading has-text-align-center has-nv-text-dark-bg-color has-text-color\">Birlikte Harika \u0130\u015fler Ba\u015faral\u0131m<\/h2>\n\n\n\n<p class=\"has-text-align-center\">Projelerinizde size destek olmak i\u00e7in buraday\u0131z. G\u00fcvenlik sistemlerinden ses ve g\u00f6r\u00fcnt\u00fc \u00e7\u00f6z\u00fcmlerine, yaz\u0131l\u0131m ve network hizmetlerinden donan\u0131m sat\u0131\u015flar\u0131na kadar her alanda yan\u0131n\u0131zday\u0131z. Deneyimli profesyonellerimiz, ihtiyac\u0131n\u0131z olan her konuda size rehberlik edecek.<\/p>\n\n\n\n<div class=\"wp-block-buttons is-horizontal is-content-justification-center is-layout-flex wp-container-core-buttons-layout-5 wp-block-buttons-is-layout-flex\">\n<div class=\"wp-block-button is-style-primary\"><a class=\"wp-block-button__link wp-element-button\" href=\"https:\/\/onaybilgisayar.com\/index.php\/contact-us\/\">Bizimle \u0130leti\u015fime Ge\u00e7in<\/a><\/div>\n<\/div>\n<\/div><\/div>\n","protected":false},"excerpt":{"rendered":"<p>Teknoloji Dan\u0131\u015fmanl\u0131\u011f\u0131 \u0130\u015fletmenizin teknoloji ihtiya\u00e7lar\u0131na y\u00f6nelik profesyonel \u00e7\u00f6z\u00fcm ve \u00f6neriler. \u00c7\u00f6z\u00fcmlerimizle Fark Yarat\u0131n \u0130htiya\u00e7lar\u0131n\u0131za \u00f6zel tasarlanm\u0131\u015f teknoloji \u00e7\u00f6z\u00fcmleriyle i\u015fletmenizi bir ad\u0131m \u00f6ne ta\u015f\u0131y\u0131n. Sorular\u0131n\u0131z i\u00e7in Buraday\u0131z! Her t\u00fcrl\u00fc soru, g\u00f6r\u00fc\u015f ve \u00f6nerileriniz i\u00e7in bizimle ileti\u015fime ge\u00e7in, uzman ekibimiz size en k\u0131sa s\u00fcrede d\u00f6n\u00fc\u015f yapacakt\u0131r.<\/p>\n","protected":false},"author":1,"featured_media":0,"parent":0,"menu_order":0,"comment_status":"closed","ping_status":"closed","template":"","meta":{"neve_meta_sidebar":"default","neve_meta_container":"default","neve_meta_enable_content_width":"on","neve_meta_content_width":100,"neve_meta_title_alignment":"","neve_meta_author_avatar":"","neve_post_elements_order":"","neve_meta_disable_header":"","neve_meta_disable_footer":"","neve_meta_disable_title":"on","neve_meta_reading_time":"","_themeisle_gutenberg_block_has_review":false,"_ti_tpc_template_sync":false,"_ti_tpc_template_id":"","footnotes":""},"yoast_head":"<!-- This site is optimized with the Yoast SEO plugin v23.0 - https:\/\/yoast.com\/wordpress\/plugins\/seo\/ -->\n<title>Ana Sayfa - Onay Bilgisayar<\/title>\n<meta name=\"robots\" content=\"index, follow, max-snippet:-1, max-image-preview:large, max-video-preview:-1\" \/>\n<link rel=\"canonical\" href=\"https:\/\/onaybilgisayar.com\/\" \/>\n<meta property=\"og:locale\" content=\"tr_TR\" \/>\n<meta property=\"og:type\" content=\"article\" \/>\n<meta property=\"og:title\" content=\"Ana Sayfa - Onay Bilgisayar\" \/>\n<meta property=\"og:description\" content=\"Teknoloji Dan\u0131\u015fmanl\u0131\u011f\u0131 \u0130\u015fletmenizin teknoloji ihtiya\u00e7lar\u0131na y\u00f6nelik profesyonel \u00e7\u00f6z\u00fcm ve \u00f6neriler. \u00c7\u00f6z\u00fcmlerimizle Fark Yarat\u0131n \u0130htiya\u00e7lar\u0131n\u0131za \u00f6zel tasarlanm\u0131\u015f teknoloji \u00e7\u00f6z\u00fcmleriyle i\u015fletmenizi bir ad\u0131m \u00f6ne ta\u015f\u0131y\u0131n. Sorular\u0131n\u0131z i\u00e7in Buraday\u0131z! Her t\u00fcrl\u00fc soru, g\u00f6r\u00fc\u015f ve \u00f6nerileriniz i\u00e7in bizimle ileti\u015fime ge\u00e7in, uzman ekibimiz size en k\u0131sa s\u00fcrede d\u00f6n\u00fc\u015f yapacakt\u0131r.\" \/>\n<meta property=\"og:url\" content=\"https:\/\/onaybilgisayar.com\/\" \/>\n<meta property=\"og:site_name\" content=\"Onay Bilgisayar\" \/>\n<meta property=\"article:publisher\" content=\"https:\/\/www.facebook.com\/onaybilgisayar\/?locale=tr_TR\" \/>\n<meta property=\"article:modified_time\" content=\"2024-07-09T17:17:14+00:00\" \/>\n<meta property=\"og:image\" content=\"https:\/\/onaybilgisayar.com\/wp-content\/uploads\/2024\/06\/61.jpg\" \/>\n<meta name=\"twitter:card\" content=\"summary_large_image\" \/>\n<meta name=\"twitter:label1\" content=\"Tahmini okuma s\u00fcresi\" \/>\n\t<meta name=\"twitter:data1\" content=\"3 dakika\" \/>\n<script type=\"application\/ld+json\" class=\"yoast-schema-graph\">{\"@context\":\"https:\/\/schema.org\",\"@graph\":[{\"@type\":\"WebPage\",\"@id\":\"https:\/\/onaybilgisayar.com\/\",\"url\":\"https:\/\/onaybilgisayar.com\/\",\"name\":\"Ana Sayfa - Onay Bilgisayar\",\"isPartOf\":{\"@id\":\"https:\/\/onaybilgisayar.com\/#website\"},\"primaryImageOfPage\":{\"@id\":\"https:\/\/onaybilgisayar.com\/#primaryimage\"},\"image\":{\"@id\":\"https:\/\/onaybilgisayar.com\/#primaryimage\"},\"thumbnailUrl\":\"https:\/\/onaybilgisayar.com\/wp-content\/uploads\/2024\/06\/61.jpg\",\"datePublished\":\"2024-07-09T16:57:37+00:00\",\"dateModified\":\"2024-07-09T17:17:14+00:00\",\"breadcrumb\":{\"@id\":\"https:\/\/onaybilgisayar.com\/#breadcrumb\"},\"inLanguage\":\"tr\",\"potentialAction\":[{\"@type\":\"ReadAction\",\"target\":[\"https:\/\/onaybilgisayar.com\/\"]}]},{\"@type\":\"ImageObject\",\"inLanguage\":\"tr\",\"@id\":\"https:\/\/onaybilgisayar.com\/#primaryimage\",\"url\":\"https:\/\/onaybilgisayar.com\/wp-content\/uploads\/2024\/06\/61.jpg\",\"contentUrl\":\"https:\/\/onaybilgisayar.com\/wp-content\/uploads\/2024\/06\/61.jpg\",\"width\":2000,\"height\":1333},{\"@type\":\"BreadcrumbList\",\"@id\":\"https:\/\/onaybilgisayar.com\/#breadcrumb\",\"itemListElement\":[{\"@type\":\"ListItem\",\"position\":1,\"name\":\"Anasayfa\",\"item\":\"https:\/\/onaybilgisayar.com\/\"},{\"@type\":\"ListItem\",\"position\":2,\"name\":\"Ana Sayfa\"}]},{\"@type\":\"WebSite\",\"@id\":\"https:\/\/onaybilgisayar.com\/#website\",\"url\":\"https:\/\/onaybilgisayar.com\/\",\"name\":\"Onay Bilgisayar\",\"description\":\"Bilgi Teknolojileri\",\"publisher\":{\"@id\":\"https:\/\/onaybilgisayar.com\/#organization\"},\"potentialAction\":[{\"@type\":\"SearchAction\",\"target\":{\"@type\":\"EntryPoint\",\"urlTemplate\":\"https:\/\/onaybilgisayar.com\/?s={search_term_string}\"},\"query-input\":\"required name=search_term_string\"}],\"inLanguage\":\"tr\"},{\"@type\":\"Organization\",\"@id\":\"https:\/\/onaybilgisayar.com\/#organization\",\"name\":\"Onay Bilgisayar\",\"url\":\"https:\/\/onaybilgisayar.com\/\",\"logo\":{\"@type\":\"ImageObject\",\"inLanguage\":\"tr\",\"@id\":\"https:\/\/onaybilgisayar.com\/#\/schema\/logo\/image\/\",\"url\":\"https:\/\/onaybilgisayar.com\/wp-content\/uploads\/2024\/06\/onay_bilgisayar.png\",\"contentUrl\":\"https:\/\/onaybilgisayar.com\/wp-content\/uploads\/2024\/06\/onay_bilgisayar.png\",\"width\":425,\"height\":72,\"caption\":\"Onay Bilgisayar\"},\"image\":{\"@id\":\"https:\/\/onaybilgisayar.com\/#\/schema\/logo\/image\/\"},\"sameAs\":[\"https:\/\/www.facebook.com\/onaybilgisayar\/?locale=tr_TR\",\"https:\/\/www.instagram.com\/onaybilgisayar\/\"]}]}<\/script>\n<!-- \/ Yoast SEO plugin. -->","yoast_head_json":{"title":"Ana Sayfa - Onay Bilgisayar","robots":{"index":"index","follow":"follow","max-snippet":"max-snippet:-1","max-image-preview":"max-image-preview:large","max-video-preview":"max-video-preview:-1"},"canonical":"https:\/\/onaybilgisayar.com\/","og_locale":"tr_TR","og_type":"article","og_title":"Ana Sayfa - Onay Bilgisayar","og_description":"Teknoloji Dan\u0131\u015fmanl\u0131\u011f\u0131 \u0130\u015fletmenizin teknoloji ihtiya\u00e7lar\u0131na y\u00f6nelik profesyonel \u00e7\u00f6z\u00fcm ve \u00f6neriler. \u00c7\u00f6z\u00fcmlerimizle Fark Yarat\u0131n \u0130htiya\u00e7lar\u0131n\u0131za \u00f6zel tasarlanm\u0131\u015f teknoloji \u00e7\u00f6z\u00fcmleriyle i\u015fletmenizi bir ad\u0131m \u00f6ne ta\u015f\u0131y\u0131n. Sorular\u0131n\u0131z i\u00e7in Buraday\u0131z! Her t\u00fcrl\u00fc soru, g\u00f6r\u00fc\u015f ve \u00f6nerileriniz i\u00e7in bizimle ileti\u015fime ge\u00e7in, uzman ekibimiz size en k\u0131sa s\u00fcrede d\u00f6n\u00fc\u015f yapacakt\u0131r.","og_url":"https:\/\/onaybilgisayar.com\/","og_site_name":"Onay Bilgisayar","article_publisher":"https:\/\/www.facebook.com\/onaybilgisayar\/?locale=tr_TR","article_modified_time":"2024-07-09T17:17:14+00:00","og_image":[{"url":"https:\/\/onaybilgisayar.com\/wp-content\/uploads\/2024\/06\/61.jpg"}],"twitter_card":"summary_large_image","twitter_misc":{"Tahmini okuma s\u00fcresi":"3 dakika"},"schema":{"@context":"https:\/\/schema.org","@graph":[{"@type":"WebPage","@id":"https:\/\/onaybilgisayar.com\/","url":"https:\/\/onaybilgisayar.com\/","name":"Ana Sayfa - Onay Bilgisayar","isPartOf":{"@id":"https:\/\/onaybilgisayar.com\/#website"},"primaryImageOfPage":{"@id":"https:\/\/onaybilgisayar.com\/#primaryimage"},"image":{"@id":"https:\/\/onaybilgisayar.com\/#primaryimage"},"thumbnailUrl":"https:\/\/onaybilgisayar.com\/wp-content\/uploads\/2024\/06\/61.jpg","datePublished":"2024-07-09T16:57:37+00:00","dateModified":"2024-07-09T17:17:14+00:00","breadcrumb":{"@id":"https:\/\/onaybilgisayar.com\/#breadcrumb"},"inLanguage":"tr","potentialAction":[{"@type":"ReadAction","target":["https:\/\/onaybilgisayar.com\/"]}]},{"@type":"ImageObject","inLanguage":"tr","@id":"https:\/\/onaybilgisayar.com\/#primaryimage","url":"https:\/\/onaybilgisayar.com\/wp-content\/uploads\/2024\/06\/61.jpg","contentUrl":"https:\/\/onaybilgisayar.com\/wp-content\/uploads\/2024\/06\/61.jpg","width":2000,"height":1333},{"@type":"BreadcrumbList","@id":"https:\/\/onaybilgisayar.com\/#breadcrumb","itemListElement":[{"@type":"ListItem","position":1,"name":"Anasayfa","item":"https:\/\/onaybilgisayar.com\/"},{"@type":"ListItem","position":2,"name":"Ana Sayfa"}]},{"@type":"WebSite","@id":"https:\/\/onaybilgisayar.com\/#website","url":"https:\/\/onaybilgisayar.com\/","name":"Onay Bilgisayar","description":"Bilgi Teknolojileri","publisher":{"@id":"https:\/\/onaybilgisayar.com\/#organization"},"potentialAction":[{"@type":"SearchAction","target":{"@type":"EntryPoint","urlTemplate":"https:\/\/onaybilgisayar.com\/?s={search_term_string}"},"query-input":"required name=search_term_string"}],"inLanguage":"tr"},{"@type":"Organization","@id":"https:\/\/onaybilgisayar.com\/#organization","name":"Onay Bilgisayar","url":"https:\/\/onaybilgisayar.com\/","logo":{"@type":"ImageObject","inLanguage":"tr","@id":"https:\/\/onaybilgisayar.com\/#\/schema\/logo\/image\/","url":"https:\/\/onaybilgisayar.com\/wp-content\/uploads\/2024\/06\/onay_bilgisayar.png","contentUrl":"https:\/\/onaybilgisayar.com\/wp-content\/uploads\/2024\/06\/onay_bilgisayar.png","width":425,"height":72,"caption":"Onay Bilgisayar"},"image":{"@id":"https:\/\/onaybilgisayar.com\/#\/schema\/logo\/image\/"},"sameAs":["https:\/\/www.facebook.com\/onaybilgisayar\/?locale=tr_TR","https:\/\/www.instagram.com\/onaybilgisayar\/"]}]}},"_links":{"self":[{"href":"https:\/\/onaybilgisayar.com\/index.php\/wp-json\/wp\/v2\/pages\/627"}],"collection":[{"href":"https:\/\/onaybilgisayar.com\/index.php\/wp-json\/wp\/v2\/pages"}],"about":[{"href":"https:\/\/onaybilgisayar.com\/index.php\/wp-json\/wp\/v2\/types\/page"}],"author":[{"embeddable":true,"href":"https:\/\/onaybilgisayar.com\/index.php\/wp-json\/wp\/v2\/users\/1"}],"replies":[{"embeddable":true,"href":"https:\/\/onaybilgisayar.com\/index.php\/wp-json\/wp\/v2\/comments?post=627"}],"version-history":[{"count":8,"href":"https:\/\/onaybilgisayar.com\/index.php\/wp-json\/wp\/v2\/pages\/627\/revisions"}],"predecessor-version":[{"id":639,"href":"https:\/\/onaybilgisayar.com\/index.php\/wp-json\/wp\/v2\/pages\/627\/revisions\/639"}],"wp:attachment":[{"href":"https:\/\/onaybilgisayar.com\/index.php\/wp-json\/wp\/v2\/media?parent=627"}],"curies":[{"name":"wp","href":"https:\/\/api.w.org\/{rel}","templated":true}]}}